t x be l(p). Let v(t) = 4*t - 10. Calculate v(x).
18
Let i(x) = -x**3 + 15*x**2 - 19*x + 7. Suppose 0 = 1455*m - 1458*m + 42. Determine i(m).
-63
Let v = 1714 + -1715. Let t(z) be the third derivative of 11*z**5/60 - z**4/12 - z**3/6 + 8*z**2. Calculate t(v).
12
Let f(y) be the third derivative of -y**5/60 + y**4/6 - 2*y**2 - 36*y. Suppose 2*u = -2 - 4. Calculate f(u).
-21
Let l be ((-18)/8)/(27/(-36)). Let u be (-221)/(-39) - 1/(l/2). Let n(m) = -m + 10. What is n(u)?
5
Let x be (-118)/60 + 4 + -2. Let s(n) be the third derivative of 20*n**2 + 0*n - 1/6*n**3 + 0 + x*n**5 + 0*n**4. Calculate s(1).
1
Let n(t) = -7*t**2 - 2*t. Let j(l) = -9*l**2 - 2*l + 2. Let k(h) = -4*j(h) + 5*n(h). Let g(c) = c**2 + 13*c - 200. Let p be g(9). Calculate k(p).
0
Let g(x) be the third derivative of x**4/6 - x**3/6 + 518*x**2. Let d be 8/6 - (-34)/51. Give g(d).
7
Let u(m) = 11*m + 12. Let n(q) = q + 7. Let l(h) = -4*n(h) + u(h). Determine l(9).
47
Suppose -18 + 82 = 8*j. Suppose -j*r - 5*r + 13 = 0. Let m(l) = 14*l**3 - l**2 + 1. Give m(r).
14
Suppose -2*j + 0*j = m - 10, 5*m - 40 = -5*j. Suppose -m = 9*k - 12*k. Let r(p) = 3*p**3 + p - k*p**3 + 0*p + 4 + 7*p**2 - 1. What is r(-7)?
-4
Suppose -b + 3*j = -0*b, -2 = -2*j. Let m(v) = 10*v**2 - 2 + 0*v + 5*v - 18*v**2 + 16 + v**b. Give m(7).
0
Suppose 0 = -2*a + 4*a - 5*o - 11, 14 = 2*a - 2*o. Let h(i) = -24*i**3 - a*i + 31*i**3 + 8*i - 1. Calculate h(-1).
-8
Let u(g) = g - 9. Let k be u(7). Let j(m) be the second derivative of m**4/12 - 2*m**3/3 - 3*m**2/2 + 316*m. Determine j(k).
9
Let v(m) = m - 1. Let i(x) = -x + 2. Let h(s) = 3*i(s) + 2*v(s). Suppose -23*c + 29*c = 0. Suppose 4*y - 4*k - 12 = c, -4*y + 7*y + 9 = -3*k. Give h(y).
4
Let m(d) = -d**2 - 4*d + 4. Let o be -2*121/(-22)*1. Let z be 16 + (-2)/(4/2). Suppose o*c + z = 6*c. Determine m(c).
7
Suppose s = -2*d + 2, -8*s + 8 = -12*s. Let t(v) = v**2 - 5 + 5 - 8 + d*v - 21 + 8*v. What is t(-12)?
-5
Let q(a) = 2*a**2 - 12*a + 1. Let s(h) = 17*h**2 + 16*h + 15. Let v be s(-1). Let o = v + -10. Calculate q(o).
1
Suppose -10*u + 8*u = -4. Suppose -2*q + 4*v + 16 = u*q, -2*q = 3*v - 13. Let g(i) = -5*i**2 + 6*i - i**2 + q*i**2. Determine g(6).
0
Let n(i) = -9*i**2 + 1. Let p(b) = -54*b**2 + 2*b + 6. Let q(c) = -5*n(c) + p(c). Give q(-1).
-10
Let n(l) = -l - 2. Let s be n(-4). Let u(y) = 0 - 3 + 6*y**2 + s + y. Let g = 1077005 + -1077003. Give u(g).
25
Let r(h) = -2*h**2 + 2*h. Let u(z) = 10*z**2 - 5*z + 2. Let a(v) = -3*r(v) - u(v). Suppose 4*l = -2*j - 8, 4*j + l = 2*j + 1. What is a(j)?
-20
Suppose 10 = 2*w - 3*m - 5, 4*w + 3*m - 3 = 0. Let g be 0 + 0 + w + -12 + 4. Let d(r) be the third derivative of r**5/60 + r**4/4 + r**3 - r**2. Give d(g).
1
Let a(j) be the third derivative of j**6/120 + j**5/60 - 6*j**2 + 202*j. Calculate a(-2).
-4
Let f(n) = -2*n - 1. Let x(m) = 7*m - 9. Let g(q) = -4*f(q) - 2*x(q). Calculate g(2).
10
Let f(j) be the first derivative of -j**3/3 - 23*j**2/2 - 122*j - 257. Determine f(-10).
8
Let k(w) = w**3 - 2*w - 1. Let h be k(-1). Let j(q) = -15*q**2 - 6*q**2 + q + h*q - 6*q**2 - 2 + 28*q**2. Determine j(-3).
4
Let o(c) be the third derivative of -c**4/8 - 11*c**3/2 + 1076*c**2. Determine o(-12).
3
Let f(d) = -7*d - 3. Suppose k + 3*o + 232 = 0, 4*k - o + 1013 = 4*o. Let z = k - -246. Determine f(z).
4
Let h = -5 + 48. Let y be h/4 - 4 - 6/8. Let a(t) = -2*t**2 + 2 - t**2 + y*t + 6*t**2 - 4*t**2. Calculate a(7).
-5
Let b(w) = 13*w**2. Let s(i) = -i**3 - 5*i**2 + 6*i + 1. Let h be s(-6). What is b(h)?
13
Let j(u) = -u**2 - 14*u + 88. Let c be j(-19). Let l(x) be the second derivative of -x**5/20 - 7*x**4/12 - 6*x. Determine l(c).
0
Let b be 6/(-3) + -1*(653 + -1). Let r = 652 + b. Let u(w) = 11*w - 2. Let k(l) = l. Let n(f) = -4*k(f) + u(f). What is n(r)?
-16
Let f(l) = -l**2 + 11*l + 7. Let x(z) = -z**3 + 24*z**2 + 30*z + 46. Let n be x(25). Let k = 180 - n. Give f(k).
25
Let d(z) = z**3 + 18*z**2 + 37*z + 81. Let k be d(-16). Let i(y) = 17*y**2 - y. Calculate i(k).
16
Let r(c) = -246*c - 248*c + 81 - 238*c + 742*c. Determine r(-8).
1
Let n(c) = c**2 - 5. Let q(s) = -s**2 + 10. Let x(y) = -10*n(y) - 5*q(y). Determine x(-2).
-20
Let w(j) = -j**3 + 29*j**2 - j + 22*j**2 + 0 + 4 - 50*j**2. Let n be ((-5)/20)/(1/4) - 5. Let p be -3 + (1 - n/3). Give w(p).
4
Let c(a) = 3 + 14*a + 4*a - 23*a. Let k(s) = 2*s. Let l(g) = c(g) + 3*k(g). Calculate l(-4).
-1
Let r = -2019 + 3531. Let x(z) = 2 - 7 + 755*z + 751*z - r*z. What is x(-3)?
13
Let x(c) = c - 424. Let l(u) = 2*u - 1132. Let n(p) = 3*l(p) - 8*x(p). Let a be (-3)/6 - (-7)/2. Suppose 0*o + a = -o. Give n(o).
2
Let k(t) = -t + 2. Let s be ((238/(-10))/(-7))/((-2)/(-10)). Let w = -14 + s. Give k(w).
-1
Let y(t) be the second derivative of -t**6/120 + t**5/60 - t**3/2 + 43*t**2/2 + 79*t. Let i(l) be the first derivative of y(l). Give i(0).
-3
Let z(w) = w**2 - w - 4. Let b be 6/(-9)*(-27)/18. Suppose 2*d + b = 13. Suppose 7*x - 29 = d. Determine z(x).
16
Let j(s) = 3*s - 6. Suppose -1 = 2*v + 2*q + 3, 3*v = 3*q + 18. Suppose 8 = 5*i - v. Suppose 0 = -n + 2*c + 13, -2 = -i*n + 2*c + 16. Calculate j(n).
9
Let j(u) = 25*u**2 + 5*u - 2. Let t(b) = 13*b**2 + 2*b - 1. Let k(y) = 2*j(y) - 5*t(y). Let a be (-49)/7 - (4/(-2))/(10/40). Determine k(a).
-14
Let g(v) = 11*v**2 - 7*v + 4. Let t(s) = -25*s**2 + 16*s - 7. Let c(h) = 18*g(h) + 8*t(h). What is c(8)?
-96
Let c(o) be the third derivative of o**8/20160 + o**7/1260 + o**5/12 + 7*o**3/6 + 2*o**2 + 18*o. Let s(u) be the third derivative of c(u). Give s(-6).
12
Let q(p) = p**3 + 14*p**2 - 12*p + 46. Let a(c) = -2*c**2 + 82*c - 171. Let i be a(39). Determine q(i).
1
Let t(n) be the third derivative of n**5/60 - 7*n**4/12 - 14*n**3/3 + 8*n**2 + 66*n + 5. Suppose 80 = 4*o + o. Calculate t(o).
4
Let o(u) = u**2 + 7*u - 2. Let c(w) = 2*w**3 + 40*w**2 + 4*w + 75. Let q be c(-20). Give o(q).
-12
Let x be ((-52)/(-16) + -3)/((-27)/3024*14). Let o(q) = q**3 + 2*q**2 - 4*q - 14. What is o(x)?
-6
Let n(f) = 221*f + 203*f + f**2 - 415*f - 9. Suppose i = 5*i + 36. What is n(i)?
-9
Let z(n) = -2083*n - 43 - 2122*n + 4204*n. What is z(-9)?
-34
Let m(g) = 4. Let r(x) = 2*x - 11. Let c(z) = 6*m(z) + 3*r(z). Determine c(0).
-9
Let w(x) = -x**3 + 3*x**2 - 7*x - 9. Let b(v) = -425*v - 429. Let c be b(-1). What is w(c)?
131
Let v(d) be the first derivative of 4*d**2 + 75*d + 2269. Determine v(-12).
-21
Let v(j) = j**2 - 6*j - 6. Let o(l) = l - 8. Let n be o(10). Let z(y) = 3*y - n - 3 + 0*y. Let r be z(4). Give v(r).
1
Let m(y) = -4*y**2 - 8*y**3 + y + 33*y**3 - 4 - 16*y**3 + 2*y - 8*y**3. Suppose 4*u = 24 - 8. Calculate m(u).
8
Let c(y) be the second derivative of -y**3/3 + y**2/2 - y. Let f be ((-7)/4)/(-14 - 57/(-4)). Determine c(f).
15
Let k(f) = -f**3 - 8*f**2 - 9*f - 9. Let u(z) = -3*z + 21. Let m be u(2). Let v(y) = y**2 - 13*y - 37. Let g be v(m). Give k(g).
5
Suppose -267 - 33 = -25*g. Let d(k) be the first derivative of -g - 3/2*k**2 - 11*k. What is d(-8)?
13
Let b(p) = -2*p**3 - 5*p**2 + 7*p - 5. Let g(o) = -5*o**3 - 10*o**2 + 15*o - 11. Let f be (3 - (1 - 7))*(-1)/(-3). Let d(j) = f*g(j) - 7*b(j). Determine d(3).
8
Let h(z) = z**2 - 8*z + 8. Let i = 33 + -39. Let f = 6 + i. Suppose -2 = b - 0*a - 4*a, 3*b + 5*a - 28 = f. Give h(b).
-4
Let y(o) = 3*o**2 - 31*o + 4. Let w(d) = 6*d**2 - 67*d + 9. Let s(x) = 6*w(x) - 13*y(x). Give s(-2).
-12
Suppose 29*a - 146*a = -22 + 1777. Let f(r) = r**2 + 17*r + 34. Determine f(a).
4
Let g be (6/4)/((-6)/(-8)). Let k(c) = 1308*c**2 + 2 + 2*c - 2*c**3 - 5*c - 681*c**2 - 625*c**2. Calculate k(g).
-12
Let o be (3 + -2)/((-88)/40 - -2). Let j(p) = p**2 + 12*p + 6. What is j(o)?
-29
Let s(d) = 15*d**3 - d + 1. Let w be 1786/(-22) + 0 + (-12)/(-66). Let k = w + 82. Suppose -h + 2 = k. Determine s(h).
15
Let q(o) = -3*o**2 + o + 3. Let x be (5 - (5 + -2))*6/4. Let z(r) = -5*r**2 + 2*r**2 - 2*r - 2*r + 4 + 5*r. Let s(c) = x*q(c) - 2*z(c). Calculate s(-1).
-3
Let j(w) = 43*w + 40. Suppose 21*n - 24*n = -g - 13, -3*g - 15 = -3*n. Give j(g).
-3
Let o(i) = -17*i + 22. Suppose -2*k + 3*h = 8*h - 7, k + 5*h - 6 = 0. Determine o(k).
5
Let a(x) = 15*x**2 - 13*x - 5. Let o(q) = -6*q**2 + 6*q + 2. Let f = 238 + -235. Let w(n) = f*a(n) + 7*o(n). Let p be 0 - (1 + 1) - -4. Give w(p).
17
Suppose 0 = 4920*x - 4919*x + 3*y + 36, -x = y + 22. Le